7?
1
What is the hundred thousands digit of 1575017?
5
What is the tens digit of 1111873?
7
What is the ten thousands digit of 693020?
9
What is the units digit of 940477?
7
What is the ten thousands digit of 91269?
9
What is the tens digit of 475605?
0
What is the hundred thousands digit of 747551?
7
What is the tens digit of 138327?
2
What is the hundreds digit of 87941?
9
What is the millions digit of 6187288?
6
What is the units digit of 7558?
8
What is the units digit of 735102?
2
What is the hundred thousands digit of 1217094?
2
What is the thousands digit of 365650?
5
What is the thousands digit of 5497178?
7
What is the units digit of 85992?
2
What is the thousands digit of 284966?
4
What is the hundred thousands digit of 23715331?
7
What is the hundreds digit of 1894438?
4
What is the millions digit of 20144386?
0
What is the thousands digit of 9389680?
9
What is the thousands digit of 3923324?
3
What is the units digit of 2808384?
4
What is the thousands digit of 6088520?
8
What is the tens digit of 812999?
9
What is the ten thousands digit of 93873?
9
What is the hundred thousands digit of 600721?
6
What is the tens digit of 25655?
5
What is the hundred thousands digit of 4087040?
0
What is the hundreds digit of 493897?
8
What is the thousands digit of 21193?
1
What is the hundred thousands digit of 1027535?
0
What is the units digit of 36310?
0
What is the hundreds digit of 637416?
4
What is the millions digit of 1553042?
1
What is the millions digit of 3288256?
3
What is the hundreds digit of 29315473?
4
What is the units digit of 15209304?
4
What is the ten thousands digit of 19056740?
5
What is the units digit of 1212286?
6
What is the ten thousands digit of 438747?
3
What is the units digit of 2827968?
8
What is the tens digit of 1396988?
8
What is the tens digit of 7816?
1
What is the hundred thousands digit of 818184?
8
What is the hundreds digit of 657230?
2
What is the thousands digit of 9063217?
3
What is the millions digit of 3592061?
3
What is the hundred thousands digit of 269646?
2
What is the hundreds digit of 14206121?
1
What is the millions digit of 4246538?
4
What is the tens digit of 166407?
0
What is the hundreds digit of 1931647?
6
What is the units digit of 20901425?
5
What is the millions digit of 29231659?
9
What is the hundred thousands digit of 16735203?
7
What is the ten thousands digit of 108488?
0
What is the tens digit of 127777?
7
What is the units digit of 719683?
3
What is the ten thousands digit of 3925135?
2
What is the tens digit of 625657?
5
What is the ten thousands digit of 1230919?
3
What is the hundreds digit of 1253352?
3
What is the units digit of 106903?
3
What is the tens digit of 1159442?
4
What is the ten thousands digit of 536178?
3
What is the thousands digit of 502418?
2
What is the units digit of 17069412?
2
What is the hundreds digit of 5901171?
1
What is the tens digit of 1705865?
6
What is the hundreds digit of 249083?
0
What is the units digit of 3183617?
7
What is the hundred thousands digit of 692931?
6
What is the hundreds digit of 191259?
2
What is the ten thousands digit of 2550350?
5
What is the units digit of 172706?
6
What is the ten thousands digit of 19426042?
2
What is the ten thousands digit of 891163?
9
What is the tens digit of 11902538?
3
What is the thousands digit of 2933381?
3
What is the hundreds digit of 25312?
3
What is the hundreds digit of 16623367?
3
What is the ten thousands digit of 2606336?
0
What is the thousands digit of 178970?
8
What is the ten thousands digit of 1608783?
0
What is the ten thousands digit of 345745?
4
What is the thousands digit of 422457?
2
What is the tens digit of 4176901?
0
What is the hundreds digit of 109081?
0
What is the thousands digit of 209750?
9
What is the hundred thousands digit of 29430601?
4
What is the ten thousands digit of 1235353?
3
What is the thousands digit of 5429502?
9
What is the millions digit of 17721531?
7
What is the thousands digit of 91463?
1
What is the ten thousands digit of 22366?
2
What is the hundreds digit of 2884217?
2
What is the units digit of 392020?
0
What is the units digit of 75076?
6
What is the thousands digit of 2198715?
8
What is the tens digit of 156846?
4
What is the ten thousands digit of 4893018?
9
What is the ten thousands digit of 382861?
8
What is the hundred thousands digit of 12409074?
4
What is the tens digit of 1111806?
0
What is the thousands digit of 296658?
6
What is the hundreds digit of 99384?
3
What is the hundred thousands digit of 13224005?
2
What is the millions digit of 10114660?
0
What is the ten thousands digit of 18572177?
7
What is the tens digit of 10835508?
0
What is the units digit of 5232420?
0
What is the units digit of 225509?
9
What is the millions digit of 28247517?
8
What is the ten thousands digit of 1400812?
0
What is the thousands digit of 48492?
8
What is the hundred thousands digit of 1903443?
9
What is the units digit of 7819105?
5
What is the hundreds digit of 999745?
7
What is the units digit of 208491?
1
What is the ten thousands digit of 17450686?
5
What is the ten thousands digit of 307323?
0
What is the tens digit of 496990?
9
What is the hundred thousands digit of 278551?
2
What is the units digit of 704563?
3
What is the tens digit of 1560393?
9
What is the tens digit of 12011114?
1
What is the ten thousands digit of 9328143?
2
What is the millions digit of 10498297?
0
What is the thousands digit of 223415?
3
What is the tens digit of 2433067?
6
What is the thousands digit of 2661585?
1
What is the ten millions digit of 12028061?
1
What is the hundred thousands digit of 6550362?
5
What is the units digit of 263819?
9
What is the hundreds digit of 5737244?
2
What is the units digit of 2757469?
9
What is the tens digit of 279429?
2
What is the tens digit of 896991?
9
What is the hundreds digit of 2332867?
8
What is the hundreds digit of 708750?
7
What is the thousands digit of 499117?
9
What is the ten thousands digit of 347670?
4
What is the units digit of 291058?
8
What is the units digit of 2072414?
4
What is the tens digit of 526274?
7
What is the hundreds digit of 151050?
0
What is the thousands digit of 2090194?
0
What is the hundred thousands digit of 640563?
6
What is the thousands digit of 28896506?
6
What is the tens digit of 73003?
0
What is the hundreds digit of 229437?
4
What is the millions digit of 1399351?
1
What is the ten thousands digit of 595751?
9
What is the hundred thousands digit of 344536?
3
What is the hundreds digit of 276635?
6
What is the tens digit of 69313?
1
What is the hundred thousands digit of 6254260?
2
What is the ten thousands digit of 2066515?
6
What is the ten thousands digit of 226415?
2
What is the units digit of 7806966?
6
What is the hundreds digit of 1534519?
5
What is the millions digit of 25532127?
5
What is the hundred thousands digit of 623052?
6
What is the tens digit of 1016895?
9
What is the tens digit of 143652?
5
What is the tens digit of 2750842?
4
What is the thousands digit of 555370?
5
What is the tens digit of 5166305?
0
What is the thousands digit of 5278605?
8
What is the hundred thousands digit of 786977?
7
What is the units digit of 1674720?
0
What is the hundred thousands digit of 1914780?
9
What is the ten thousands digit of 529006?
2
What is the thousands digit of 24086691?
6
What is the units digit of 26779?
9
What is the hundreds digit of 503240?
2
What is the thousands digit of 72709?
2
What is the hundred thousands digit of 4711276?
7
What is the ten thousands digit of 847466?
4
What is the millions digit of 4632681?
4
What is the units digit of 206617?
7
What is the tens digit of 87794?
9
What is the units digit of 112433?
3
What is the tens digit of 1276886?
8
What is the tens digit of 7643076?
7
What is the units digit of 1887059?
9
What is the ten thousands digit of 2734594?
3
What is the thousands digit of 173095?
3
What is the tens digit of 2821045?
4
What is the tens digit of 1432083?
8
What is the hundreds digit of 13802482?
4
What is the hundred thousands digit of 13619739?
6
What is the millions digit of 6626348?
6
What is the hundred thousands digit of 3226213?
2
What is the units digit of 830066?
6
What is the hundreds digit of 93317?
3
What is the unit